343 composite?
True
Is 102497 a composite number?
False
Is 7151 composite?
False
Is 266806 a composite number?
True
Is 141595 a prime number?
False
Is 2465891 composite?
False
Is 50357 a prime number?
False
Is 7907 prime?
True
Is 3049 a composite number?
False
Is 2533 prime?
False
Is 13909 prime?
False
Is 9119 a prime number?
False
Is 316483 prime?
False
Is 4927 prime?
False
Is 169987 a composite number?
False
Is 850373 a prime number?
True
Is 1394251 a prime number?
True
Is 210813 prime?
False
Is 96833 a composite number?
True
Is 1963409 a composite number?
True
Is 82357 a prime number?
False
Is 1504645 composite?
True
Is 92269 composite?
False
Is 12799 a prime number?
True
Is 22271 composite?
False
Is 60397 a prime number?
True
Is 210709 prime?
True
Is 172837 composite?
True
Is 501089 composite?
False
Is 65891 a composite number?
True
Is 87019 a composite number?
True
Is 6101 a prime number?
True
Is 277213 a composite number?
False
Is 31865 prime?
False
Is 1973897 composite?
False
Is 939 prime?
False
Is 1637 prime?
True
Is 35809 a prime number?
True
Is 14957 a prime number?
True
Is 1201 a prime number?
True
Is 69371 a composite number?
False
Is 67 prime?
True
Is 503845 composite?
True
Is 222447 composite?
True
Is 52999 a prime number?
True
Is 295705 a prime number?
False
Is 145009 prime?
True
Is 156007 composite?
False
Is 1103 prime?
True
Is 15703 a composite number?
True
Is 2007287 a prime number?
False
Is 415167 a prime number?
False
Is 1297363 a composite number?
True
Is 72533 a prime number?
True
Is 145 prime?
False
Is 100699 a composite number?
False
Is 85549 a composite number?
False
Is 2030747 a composite number?
False
Is 688511 composite?
False
Is 6803 prime?
True
Is 11963 composite?
True
Is 140443 a prime number?
True
Is 1417 a composite number?
True
Is 737463 a composite number?
True
Is 1151747 a prime number?
True
Is 809 a prime number?
True
Is 18871 composite?
True
Is 66227 composite?
True
Is 1516529 a composite number?
True
Is 50329 composite?
False
Is 4595 a composite number?
True
Is 5323 a composite number?
False
Is 358289 composite?
False
Is 84839 composite?
True
Is 393169 a prime number?
False
Is 803753 prime?
False
Is 16855 prime?
False
Is 73469 composite?
True
Is 211 a composite number?
False
Is 14923 prime?
True
Is 6038 composite?
True
Is 1069963 composite?
True
Is 295 prime?
False
Is 31357 composite?
False
Is 923719 composite?
False
Is 96314 a prime number?
False
Is 838735 a composite number?
True
Is 17569 composite?
False
Is 46045 prime?
False
Is 61121 a composite number?
False
Is 6749 composite?
True
Is 83081 composite?
True
Is 34909 composite?
True
Is 863977 a composite number?
True
Is 594311 prime?
True
Is 24155 a prime number?
False
Is 543637 a prime number?
True
Is 115651 a composite number?
True
Is 283267 composite?
False
Is 11351 composite?
False
Is 223 a composite number?
False
Is 1675339 a composite number?
False
Is 6542 a prime number?
False
Is 74653 composite?
False
Is 1111645 composite?
True
Is 347141 a prime number?
True
Is 163669 prime?
False
Is 2402 prime?
False
Is 77761 prime?
True
Is 45829 composite?
True
Is 4337 a prime number?
True
Is 1322663 composite?
True
Is 122819 a composite number?
False
Is 50497 a prime number?
True
Is 13645 a composite number?
True
Is 30029 composite?
False
Is 2333 a prime number?
True
Is 223 a prime number?
True
Is 19562 a composite number?
True
Is 34387 a composite number?
True
Is 2041 a prime number?
False
Is 66307 prime?
False
Is 92551 a prime number?
True
Is 18113 a composite number?
True
Is 7331 prime?
True
Is 87923 a prime number?
False
Is 37081 a composite number?
True
Is 21706 a composite number?
True
Is 5749 a prime number?
True
Is 5923 a prime number?
True
Is 311473 prime?
True
Is 15959 prime?
True
Is 8501 composite?
False
Is 40081 a prime number?
False
Is 2761 a prime number?
False
Is 5614201 composite?
False
Is 1227 a composite number?
True
Is 13861 a composite number?
True
Is 9227 a composite number?
False
Is 3872473 a composite number?
True
Is 68657 prime?
False
Is 22961 a prime number?
True
Is 98207 composite?
False
Is 84629 composite?
False
Is 269155 a composite number?
True
Is 160903 composite?
False
Is 1473053 a prime number?
False
Is 671995 a prime number?
False
Is 1737799 composite?
True
Is 65597 prime?
False
Is 13073 a composite number?
True
Is 1376927 composite?
True
Is 7069 a composite number?
False
Is 30601 a composite number?
True
Is 80309 prime?
True
Is 58831 a composite number?
False
Is 9661 a prime number?
True
Is 145661 a composite number?
False
Is 23915 a composite number?
True
Is 1228883 composite?
False
Is 375361 prime?
False
Is 19109 a composite number?
True
Is 5923 prime?
True
Is 7057 prime?
True
Is 1577647 a composite number?
True
Is 5839 composite?
False
Is 275057 composite?
True
Is 52321 a composite number?
False
Is 249367 prime?
True
Is 20411 a composite number?
False
Is 46499 a composite number?
False
Is 24571 a composite number?
False
Is 292313 a composite number?
True
Is 27539 composite?
False
Is 2957 composite?
False
Is 415973 a composite number?
True
Is 8899 a prime number?
False
Is 290353 a prime number?
False
Is 55469 composite?
False
Is 2658813 a prime number?
False
Is 2111 a composite number?
False
Is 1201 prime?
True
Is 924941 prime?
False
Is 76079 a composite number?
False
Is 318221 prime?
False
Is 963871 prime?
True
Is 32909 a composite number?
False
Is 63557 a prime number?
False
Is 4007 a prime number?
True
Is 331 a prime number?
True
Is 128969 a composite number?
False
Is 3187507 composite?
False
Is 2475805 a prime number?
False
Is 23665 a composite number?
True
Is 30801 a composite number?
True
Is 11303 composite?
True
Is 991 prime?
True
Is 175187 a composite number?
True
Is 4835 composite?
True
Is 58399 a prime number?
False
Is 99191 composite?
False
Is 5465 a composite number?
True
Is 23813 composite?
False
Is 84913 prime?
True
Is 34583 prime?
True
Is 813973 a prime number?
False
Is 10977059 prime?
True
Is 41381 composite?
False
Is 1754059 a prime number?
False
Is 222895 a prime number?
False
Is 77069 a prime number?
True
Is 51617 a composite number?
True
Is 15031 a composite number?
False
Is 3017 a prime number?
False
Is 3989 a prime number?
True
Is 14695 prime?
False
Is 405847 composite?
True
Is 90043 a composite number?
True
Is 2119163 a prime number?
False
Is 430069 composite?
True
Is 97771 composite?
False
Is 1278457 a composite number?
True
Is 29101 a composite number?
False
Is 30461 prime?
False
Is 5437 prime?
True
Is 1151 prime?
True
Is 300187 a prime number?
True
Is 72347 prime?
False
Is 7093 prime?
False
Is 14923 a prime number?
True
Is 716249 composite?
False
Is 108685 prime?
False
Is 10289 a composite number?
False
Is 10639 composite?
False
Is 233131 composite?
True
Is 18134 composite?
True
Is 58757 prime?
True
Is 96367 composite?
True
Is 14587 composite?
True
Is 17179 composite?
True
Is 139571 composite?
False
Is 2929 composite?
True
Is 2881 composite?
True
Is 673 composite?
False
Is 564913 composite?
True
Is 7309 composite?
False
Is 16097 a prime number?
True
Is 4507 a prime number?
True
Is 43159 a prime number?
True
Is 4079 a composite number?
False
Is 102919 a prime number?
False
Is 7702 composite?
True
Is 2579 prime?
True
Is 6998 prime?
False
Is 222058 prime?
False
Is 191 composite?
False
Is 11819 prime?
False
Is 23413 a composite number?
True
Is 977719 a composite number?
False
Is 19063 a prime number?
False
Is 50146 a composite number?
True
Is 139589 composite?
False
Is 3683 composite?
True
Is 59002 prime?
False
Is 31087 a composite number?
True
Is 418309 a prime number?
False
Is 699 a prime number?
False
Is 52147 a prime number?
True
Is 3761 composite?
False
Is 28895 prime?
False
Is 2250637 composite?
False
Is 843289 a prime number?
True
Is 23 a prime number?
True
Is 149689 a composite number?
False
Is 2777 prime?
True
Is 945179 prime?
True
Is 43711 prime?
True
Is 392197 composite?
True
Is 2503 composite?
False
Is 66919 a composite number?
False
Is 3019 a prime number?
True
Is 10111 a composite number?
False
Is 13619 composite?
False
Is 171427 prime?
True
Is 791783 a prime number?
True
Is 1459 prime?
True
Is 845213 a prime number?
False
Is 12149 composite?
False
Is 1332421 a composite number?
Fal